{"id":59,"date":"2022-11-02T17:54:56","date_gmt":"2022-11-02T17:54:56","guid":{"rendered":"https:\/\/www.praxis-neychev.de\/?page_id=59"},"modified":"2026-05-06T05:36:04","modified_gmt":"2026-05-06T05:36:04","slug":"impressum","status":"publish","type":"page","link":"https:\/\/www.praxis-neychev.de\/index.php\/impressum\/","title":{"rendered":"Impressum | Praxis Neychev"},"content":{"rendered":"<div class=\"brz-root__container brz-reset-all brz brz-root__container-page\">\n<section id=\"_yrlscfyxzwqeoyryzibwixpwjcrobutendhv\" class=\"brz-section brz-section__header brz-css-i2p7n3\">\n<div class=\"brz-section__menu-item brz-css-1q5yluc brz-css-3firu1\" data-brz-custom-id=\"juhyqgioqxbhbkyedlcnhphawefdqzodcbwo\">\n<div class=\"brz-bg\">\n<div class=\"brz-bg-color\"><\/div>\n<\/div>\n<div class=\"brz-container brz-css-ty1xtq\">\n<div class=\"brz-row__container brz-css-7t2x4h\" data-brz-custom-id=\"luajvrpvpryetpjvnzoextwlkletbecuinhc\">\n<div class=\"brz-bg\"><\/div>\n<div class=\"brz-row brz-css-9557xt brz-css-mry7yl\">\n<div class=\"brz-columns brz-css-649r13 brz-css-via3kw\" data-brz-custom-id=\"apwceezqsklykkgdxyqlqxrpfbpghowukvwp\">\n<div class=\"brz-bg\"><\/div>\n<div class=\"brz-column__items brz-css-y0f3hs brz-css-qlhft\">\n<div id=\"\" class=\"brz-css-1fjairv brz-css-1ohtmel brz-wrapper\">\n<div class=\"brz-image brz-css-1gxwmp8\" data-brz-custom-id=\"anucoygqcvgejiqvaaxyedddqzswnccsrfys\"><a class=\"brz-a\" href=\"https:\/\/www.praxis-neychev.de\/\" target=\"_self\" rel=\"noopener\" data-brz-link-type=\"external\"><img decoding=\"async\" class=\"brz-img\" src=\"https:\/\/www.praxis-neychev.de\/wp-content\/uploads\/brizy\/imgs\/wp-37c79f34fb3fa09add9b00b0a6ed2b51-169x169x0x4x169x160x1667405193.png\" alt=\"\" loading=\"lazy\"><\/a><\/div>\n<\/div>\n<\/div>\n<\/div>\n<div class=\"brz-columns brz-css-649r13 brz-css-19of2ez\" data-brz-custom-id=\"whxtoxksppuwrwvejcqxmjtwvgtoxxutsjyt\">\n<div class=\"brz-bg\"><\/div>\n<div class=\"brz-column__items brz-css-y0f3hs brz-css-ujsxvt\"><\/div>\n<\/div>\n<\/div>\n<\/div>\n<\/div>\n<\/div>\n<\/section>\n<section id=\"_ajxrnlouovzperruaodfzbpmaxfxesfomsyx\" class=\"brz-section brz-css-1l6zogt\">\n<div class=\"brz-section__content brz-section--boxed brz-css-1xsaw1q brz-css-frtu6g\" data-brz-custom-id=\"cnrfueizjualdikdyhvqioyntsnenkkfmksj\">\n<div class=\"brz-container brz-css-1ysjz6x brz-css-10dywle\">\n<div id=\"\" class=\"brz-css-1fjairv brz-css-cjirzl brz-css-7rb7fz brz-wrapper\">\n<div class=\"brz-spacer brz-css-1k3gxe9 brz-css-1ipr0d1\"><\/div>\n<\/div>\n<div class=\"brz-row__container brz-css-7t2x4h brz-css-1t1ofhe\" data-brz-custom-id=\"swpbwgbftsyltnkzvoiszjgccnzkmhnpbgrf\">\n<div class=\"brz-bg\"><\/div>\n<div class=\"brz-row brz-css-9557xt brz-css-dn25z\">\n<div class=\"brz-columns brz-css-649r13 brz-css-1vka10x\" data-brz-custom-id=\"stwhbfqdzikjrwfbvvtmdshertcsinwtxqcr\">\n<div class=\"brz-bg\">\n<div class=\"brz-bg-color\"><\/div>\n<\/div>\n<div class=\"brz-column__items brz-css-y0f3hs brz-css-p238ox\">\n<div id=\"\" class=\"brz-css-1fjairv brz-wrapper\">\n<div class=\"brz-rich-text brz-rich-text__custom brz-css-1v83yc0\" data-brz-custom-id=\"itrzggruoyjwgnvgunnvhzshjcvbkgjaozwk\">\n<div data-brz-translate-text=\"1\">\n<h2 class=\"brz-fw-lg-400 brz-fss-lg-px brz-fs-lg-36 brz-ft-google brz-ff-lato brz-tp-lg-empty brz-ls-lg-m_1_5 brz-lh-lg-1_3 brz-css-ggjuH\" data-uniq-id=\"kdvpp\" data-generated-css=\"brz-css-sebuc\"><span class=\"brz-cp-color7\"> IMPRESSUM<\/span><\/h2>\n<\/div>\n<\/div>\n<\/div>\n<div class=\"brz-row__container brz-css-7t2x4h\" data-brz-custom-id=\"fswrtbzlssotbukzlyjhrfxhyzccpvblinvf\">\n<div class=\"brz-bg\"><\/div>\n<div class=\"brz-row brz-row--inner brz-css-9557xt brz-css-dn25z\">\n<div class=\"brz-columns brz-css-649r13\" data-brz-custom-id=\"iyijdhwouqflawzmcidagfjsvdhkeqoanpeq\">\n<div class=\"brz-bg\"><\/div>\n<div class=\"brz-column__items brz-css-y0f3hs\">\n<div id=\"\" class=\"brz-css-1fjairv brz-wrapper\">\n<div class=\"brz-rich-text brz-rich-text__custom brz-css-1v83yc0\" data-brz-custom-id=\"fygglxewbaxwtxbycwlocuumlzxjatdlpfxs\">\n<div data-brz-translate-text=\"1\">\n<p class=\"brz-tp-lg-empty brz-ff-lato brz-ft-google brz-fs-lg-16 brz-fss-lg-px brz-fw-lg-300 brz-ls-lg-0 brz-lh-lg-1_9 brz-css-mjZqv\" data-uniq-id=\"oszzz\" data-generated-css=\"brz-css-czrhr\"><strong class=\"brz-cp-color7\">Evgeni Neychev<\/strong><\/p>\n<p class=\"brz-tp-lg-empty brz-ff-lato brz-ft-google brz-fs-lg-16 brz-fss-lg-px brz-fw-lg-300 brz-ls-lg-0 brz-lh-lg-1_9 brz-css-fBx1V\" data-uniq-id=\"rkejh\" data-generated-css=\"brz-css-ylqpt\"><span class=\"brz-cp-color7\">Scharnhorstplatz 4&nbsp;<\/span><\/p>\n<p class=\"brz-tp-lg-empty brz-ff-lato brz-ft-google brz-fs-lg-16 brz-fss-lg-px brz-fw-lg-300 brz-ls-lg-0 brz-lh-lg-1_9 brz-css-s0vzD\" data-uniq-id=\"unweb\" data-generated-css=\"brz-css-sbmfy\"><span class=\"brz-cp-color7\">37154 Northeim<\/span><\/p>\n<p class=\"brz-tp-lg-empty brz-ff-lato brz-ft-google brz-fs-lg-16 brz-fss-lg-px brz-fw-lg-300 brz-ls-lg-0 brz-lh-lg-1_9 brz-css-jUJNS\" data-uniq-id=\"vtjul\" data-generated-css=\"brz-css-gdgdj\"><span class=\"brz-cp-color7\">Tel: 05551 406 4980<\/span><\/p>\n<p class=\"brz-tp-lg-empty brz-ff-lato brz-ft-google brz-fs-lg-16 brz-fss-lg-px brz-fw-lg-300 brz-ls-lg-0 brz-lh-lg-1_9 brz-css-woyAM\" data-uniq-id=\"toomh\" data-generated-css=\"brz-css-kldzk\"><span class=\"brz-cp-color7\">info@praxis-neychev.de<\/span><\/p>\n<p class=\"brz-tp-lg-empty brz-ff-lato brz-ft-google brz-fs-lg-16 brz-fss-lg-px brz-ls-lg-0 brz-lh-lg-1_9 brz-css-qCLGt\" data-uniq-id=\"chfai\" data-generated-css=\"brz-css-kdjto\"><strong class=\"brz-cp-color7\"> <\/strong><\/p>\n<p class=\"brz-tp-lg-empty brz-ff-lato brz-ft-google brz-fs-lg-16 brz-fss-lg-px brz-ls-lg-0 brz-lh-lg-1_9 brz-css-qA0Bf\" data-uniq-id=\"xwcsw\" data-generated-css=\"brz-css-ujdko\"><strong class=\"brz-cp-color7\"> <\/strong><\/p>\n<p class=\"brz-tp-lg-empty brz-ff-lato brz-ft-google brz-fs-lg-16 brz-fss-lg-px brz-fw-lg-300 brz-ls-lg-0 brz-lh-lg-1_9 brz-css-oQ1X6\" data-uniq-id=\"mytjf\" data-generated-css=\"brz-css-msfhc\"><strong class=\"brz-cp-color7\">Gesetzliche Berufsbezeichnung:<\/strong><\/p>\n<p class=\"brz-tp-lg-empty brz-ff-lato brz-ft-google brz-fs-lg-16 brz-fss-lg-px brz-fw-lg-300 brz-ls-lg-0 brz-lh-lg-1_9 brz-css-yaWH6\" data-uniq-id=\"uwnan\" data-generated-css=\"brz-css-rfkyg\"><span class=\"brz-cp-color7\">Facharzt f\u00fcr Psychiatrie und Psychotherapie<\/span><span class=\"brz-cp-color7\"> <\/span><span class=\"brz-cp-color7\">(Schwerpunkt<\/span><\/p>\n<p class=\"brz-tp-lg-empty brz-ff-lato brz-ft-google brz-fs-lg-16 brz-fss-lg-px brz-fw-lg-300 brz-ls-lg-0 brz-lh-lg-1_9 brz-css-sE7HB\" data-uniq-id=\"mmzza\" data-generated-css=\"brz-css-fdupz\"><span class=\"brz-cp-color7\">Verhaltenstherapie), verliehen in der Bundesrepublik Deutschland von der \u00c4rztekammer Niedersachsen.<\/span><\/p>\n<p class=\"brz-tp-lg-empty brz-ff-lato brz-ft-google brz-fs-lg-16 brz-fss-lg-px brz-fw-lg-300 brz-ls-lg-0 brz-lh-lg-1_9 brz-css-a0POC\" data-uniq-id=\"mrdvg\" data-generated-css=\"brz-css-jbyhx\"><span class=\"brz-cp-color7\">Zust\u00e4ndige Approbationsbeh\u00f6rde: Nieders\u00e4chsischer Zweckverband zur Approbationserteilung (NiZzA), K\u00f6rperschaft des \u00f6ffentlichen <\/span><span class=\"brz-cp-color7 brz-span\">Rechts, Nobelring 4, 30627 Hannover.<\/span><\/p>\n<p class=\"brz-tp-lg-empty brz-ff-lato brz-ft-google brz-fs-lg-16 brz-fss-lg-px brz-fw-lg-300 brz-ls-lg-0 brz-lh-lg-1_9 brz-css-jOxIL\" data-uniq-id=\"zzwri\" data-generated-css=\"brz-css-mwnqz\"><\/p>\n<p class=\"brz-tp-lg-empty brz-ff-lato brz-ft-google brz-fs-lg-16 brz-fss-lg-px brz-fw-lg-300 brz-ls-lg-0 brz-lh-lg-1_9 brz-css-vH69v\" data-uniq-id=\"jmgld\" data-generated-css=\"brz-css-jkmoa\"><span class=\"brz-cp-color7 brz-span\"><strong>Berufsrechtliche Regelungen:<\/strong><\/span><\/p>\n<p class=\"brz-tp-lg-empty brz-ff-lato brz-ft-google brz-fs-lg-16 brz-fss-lg-px brz-fw-lg-300 brz-ls-lg-0 brz-lh-lg-1_9 brz-css-tIz3B\" data-uniq-id=\"haqjo\" data-generated-css=\"brz-css-hhchz\"><span class=\"brz-cp-color7 brz-span\">Die Berufsordnung f\u00fcr Psychotherapeuten in Niedersachsen <\/span><\/p>\n<p class=\"brz-tp-lg-empty brz-ff-lato brz-ft-google brz-fs-lg-16 brz-fss-lg-px brz-fw-lg-300 brz-ls-lg-0 brz-lh-lg-1_9 brz-css-lryca\" data-uniq-id=\"ldtdd\" data-generated-css=\"brz-css-ziwwb\"><span class=\"brz-cp-color7 brz-span\"> finden sich hier:<\/span><\/p>\n<p class=\"brz-tp-lg-empty brz-ff-lato brz-ft-google brz-fs-lg-16 brz-fss-lg-px brz-fw-lg-300 brz-ls-lg-0 brz-lh-lg-1_9 brz-css-kD_VY\" data-uniq-id=\"txcyi\" data-generated-css=\"brz-css-iqfaf\"><span class=\"brz-cp-color7\">https:\/\/www.pknds.de\/wp-content\/uploads\/2022\/04\/025_BERUFSO_ab_09.05.2019.pdf<\/span><span class=\"brz-cp-color7 brz-span\"> <\/span><\/p>\n<p class=\"brz-tp-lg-empty brz-ff-lato brz-ft-google brz-fs-lg-16 brz-fss-lg-px brz-fw-lg-300 brz-ls-lg-0 brz-lh-lg-1_9 brz-css-uVJXp\" data-uniq-id=\"ymdas\" data-generated-css=\"brz-css-zrjue\"><\/p>\n<p class=\"brz-tp-lg-empty brz-ff-lato brz-ft-google brz-fs-lg-16 brz-fss-lg-px brz-fw-lg-300 brz-ls-lg-0 brz-lh-lg-1_9 brz-css-mx9oI\" data-uniq-id=\"jabhr\" data-generated-css=\"brz-css-nxpba\"><\/p>\n<p class=\"brz-tp-lg-empty brz-ff-lato brz-ft-google brz-fs-lg-16 brz-fss-lg-px brz-fw-lg-300 brz-ls-lg-0 brz-lh-lg-1_9 brz-css-vlYu2\" data-uniq-id=\"ttaiq\" data-generated-css=\"brz-css-wxing\"><\/p>\n<p class=\"brz-tp-lg-empty brz-ff-lato brz-ft-google brz-fs-lg-16 brz-fss-lg-px brz-fw-lg-300 brz-ls-lg-0 brz-lh-lg-1_9 brz-css-mAb9D\" data-uniq-id=\"pitbg\" data-generated-css=\"brz-css-fzetz\"><span class=\"brz-cp-color7 brz-span\"><strong>Zust\u00e4ndige Kammer:<\/strong><\/span><\/p>\n<p class=\"brz-tp-lg-empty brz-ff-lato brz-ft-google brz-fs-lg-16 brz-fss-lg-px brz-fw-lg-300 brz-ls-lg-0 brz-lh-lg-1_9 brz-css-n7N9Z\" data-uniq-id=\"laqke\" data-generated-css=\"brz-css-ihbzo\"><span class=\"brz-cp-color7 brz-span\">\u00c4rztekammer Niedersachsen<\/span><\/p>\n<p class=\"brz-tp-lg-empty brz-ff-lato brz-ft-google brz-fs-lg-16 brz-fss-lg-px brz-fw-lg-300 brz-ls-lg-0 brz-lh-lg-1_9 brz-css-lcNzU\" data-uniq-id=\"mgctl\" data-generated-css=\"brz-css-knnun\"><span class=\"brz-cp-color7 brz-span\">Karl-Wiechert-Allee 18-22<\/span><\/p>\n<p class=\"brz-tp-lg-empty brz-ff-lato brz-ft-google brz-fs-lg-16 brz-fss-lg-px brz-fw-lg-300 brz-ls-lg-0 brz-lh-lg-1_9 brz-css-xZNvd\" data-uniq-id=\"pdcob\" data-generated-css=\"brz-css-wcuxc\"><span class=\"brz-cp-color7 brz-span\">30625 Hannover<\/span><\/p>\n<p class=\"brz-tp-lg-empty brz-ff-lato brz-ft-google brz-fs-lg-16 brz-fss-lg-px brz-fw-lg-300 brz-ls-lg-0 brz-lh-lg-1_9 brz-css-pv6_L\" data-uniq-id=\"yxbjx\" data-generated-css=\"brz-css-cfxhe\"><span class=\"brz-cp-color7 brz-span\">www.aekn.de<\/span><\/p>\n<\/div>\n<\/div>\n<\/div>\n<\/div>\n<\/div>\n<div class=\"brz-columns brz-css-649r13\" data-brz-custom-id=\"hryjetcxddxxlhjgedepcqbyugrscjyyhexb\">\n<div class=\"brz-bg\"><\/div>\n<div class=\"brz-column__items brz-css-y0f3hs\">\n<div id=\"\" class=\"brz-css-1fjairv brz-wrapper\">\n<div class=\"brz-rich-text brz-rich-text__custom brz-css-1v83yc0\" data-brz-custom-id=\"kzppfdtpizjyezkpxbdasuegrewrwojxdilr\">\n<div data-brz-translate-text=\"1\">\n<p class=\"brz-lh-lg-1_9 brz-ls-lg-0 brz-fw-lg-400 brz-fss-lg-px brz-fs-lg-16 brz-ft-google brz-ff-lato brz-tp-lg-empty brz-css-kzdWn\" data-generated-css=\"brz-css-ahroo\" data-uniq-id=\"ciaoe\"><strong class=\"brz-cp-color7\">Zust\u00e4ndige Kassen\u00e4rztliche Vereinigung:<\/strong><\/p>\n<p class=\"brz-fw-lg-300 brz-fss-lg-px brz-fs-lg-16 brz-ft-google brz-ff-lato brz-tp-lg-empty brz-lh-lg-1_9 brz-ls-lg-0 brz-css-qUKcc\" data-generated-css=\"brz-css-diusc\" data-uniq-id=\"isjuq\"><span class=\"brz-cp-color7\">KVN \u2013 Kassen\u00e4rztliche Vereinigung Niedersachsen<\/span><\/p>\n<p class=\"brz-fw-lg-300 brz-fss-lg-px brz-fs-lg-16 brz-ft-google brz-ff-lato brz-tp-lg-empty brz-lh-lg-1_9 brz-ls-lg-0 brz-css-hrZ6k\" data-generated-css=\"brz-css-crgaw\" data-uniq-id=\"kfmka\"><span class=\"brz-cp-color7\">Berliner Allee 22<\/span><\/p>\n<p class=\"brz-fw-lg-300 brz-fss-lg-px brz-fs-lg-16 brz-ft-google brz-ff-lato brz-tp-lg-empty brz-lh-lg-1_9 brz-ls-lg-0 brz-css-xY5LT\" data-generated-css=\"brz-css-sssbi\" data-uniq-id=\"oiyaj\"><span class=\"brz-cp-color7\">30175 Hannover<\/span><\/p>\n<p class=\"brz-fw-lg-300 brz-fss-lg-px brz-fs-lg-16 brz-ft-google brz-ff-lato brz-tp-lg-empty brz-lh-lg-1_9 brz-ls-lg-0 brz-css-gdDxj\" data-generated-css=\"brz-css-fkrjg\" data-uniq-id=\"lbtms\"><span class=\"brz-cp-color7\">Telefon: 0511 380-4800 <\/span><\/p>\n<p class=\"brz-fw-lg-300 brz-fss-lg-px brz-fs-lg-16 brz-ft-google brz-ff-lato brz-tp-lg-empty brz-lh-lg-1_9 brz-ls-lg-0 brz-css-yQsQO\" data-generated-css=\"brz-css-oroqv\" data-uniq-id=\"yszlj\"><span class=\"brz-cp-color7\">info@kvn.de<\/span><\/p>\n<p class=\"brz-lh-lg-1_9 brz-ls-lg-0 brz-fw-lg-400 brz-fss-lg-px brz-fs-lg-16 brz-ft-google brz-ff-lato brz-tp-lg-empty brz-css-lwtyJ\" data-generated-css=\"brz-css-gfdba\" data-uniq-id=\"tpzbp\"><span class=\"brz-cp-color7\"> <\/span><\/p>\n<p class=\"brz-tp-lg-paragraph brz-css-t8mHP\" data-generated-css=\"brz-css-jfsen\" data-uniq-id=\"wysra\"><strong class=\"brz-cp-color7\">URHEBERRECHT<\/strong><\/p>\n<p class=\"brz-text-lg-justify brz-tp-lg-empty brz-ff-lato brz-ft-google brz-fs-lg-16 brz-fss-lg-px brz-fw-lg-300 brz-ls-lg-0 brz-lh-lg-1_9 brz-css-yiUNj\" data-generated-css=\"brz-css-kghdn\" data-uniq-id=\"rwdkf\"><span class=\"brz-cp-color7\">Die durch die Seitenbetreiber erstellten Inhalte und Werke auf diesen Seiten unterliegen dem deutschen Urheberrecht. Die Vervielf\u00e4ltigung, Bearbeitung, Verbreitung und jede Art der Verwertung au\u00dferhalb der Grenzen des Urheberrechtes bed\u00fcrfen der schriftlichen Zustimmung des jeweiligen Autors bzw. Erstellers. Downloads und Kopien dieser Seite sind nur f\u00fcr den privaten, nicht kommerziellen Gebrauch gestattet. Soweit die Inhalte auf dieser Seite nicht vom Betreiber erstellt wurden, werden die Urheberrechte Dritter beachtet. Insbesondere werden Inhalte Dritter als solche gekennzeichnet. Sollten Sie trotzdem auf eine Urheberrechtsverletzung aufmerksam werden, bitten wir um einen <\/span><\/p>\n<p class=\"brz-text-lg-justify brz-fw-lg-300 brz-tp-lg-empty brz-ff-lato brz-ft-google brz-fs-lg-16 brz-fss-lg-px brz-ls-lg-0 brz-lh-lg-1_9 brz-css-l7kGa\" data-generated-css=\"brz-css-xhnyk\" data-uniq-id=\"xrhmj\"><span class=\"brz-cp-color7\">entsprechenden Hinweis. Bei Bekanntwerden von Rechtsverletzungen werden wir derartige Inhalte umgehend entfernen.<\/span><\/p>\n<p class=\"brz-tp-lg-empty brz-ff-lato brz-ft-google brz-fs-lg-16 brz-fss-lg-px brz-ls-lg-0 brz-lh-lg-1_9 brz-fw-lg-300 brz-text-lg-justify brz-css-unD2k\" data-generated-css=\"brz-css-xhnyk\" data-uniq-id=\"xrhmj\"><span class=\"brz-cp-color7\"> <\/span><\/p>\n<p class=\"brz-tp-lg-empty brz-ff-lato brz-ft-google brz-fs-lg-16 brz-fss-lg-px brz-ls-lg-0 brz-lh-lg-1_9 brz-fw-lg-300 brz-text-lg-justify brz-css-dIvVO\" data-generated-css=\"brz-css-xhnyk\" data-uniq-id=\"xrhmj\"><strong class=\"brz-cp-color7\">Design by:<\/strong><\/p>\n<p class=\"brz-tp-lg-empty brz-ff-lato brz-ft-google brz-fs-lg-16 brz-fss-lg-px brz-ls-lg-0 brz-lh-lg-1_9 brz-fw-lg-300 brz-text-lg-justify brz-css-xnAVK\" data-generated-css=\"brz-css-xhnyk\" data-uniq-id=\"xrhmj\"><span class=\"brz-cp-color7\">Patrick Kraus<\/span><\/p>\n<p class=\"brz-tp-lg-empty brz-ff-lato brz-ft-google brz-fs-lg-16 brz-fss-lg-px brz-ls-lg-0 brz-lh-lg-1_9 brz-fw-lg-300 brz-text-lg-justify brz-css-njv0M\" data-generated-css=\"brz-css-xhnyk\" data-uniq-id=\"xrhmj\"><span class=\"brz-cp-color7\">alTRUEncer GbR<\/span><\/p>\n<p class=\"brz-tp-lg-empty brz-ff-lato brz-ft-google brz-fs-lg-16 brz-fss-lg-px brz-ls-lg-0 brz-lh-lg-1_9 brz-fw-lg-300 brz-text-lg-justify brz-css-cSOM8\" data-generated-css=\"brz-css-xhnyk\" data-uniq-id=\"xrhmj\"><span class=\"brz-cp-color7\">www.altruencer.net <\/span><\/p>\n<p class=\"brz-tp-lg-paragraph brz-css-fURT0\" data-generated-css=\"brz-css-eoaew\" data-uniq-id=\"gulyg\"><\/p>\n<\/div>\n<\/div>\n<\/div>\n<\/div>\n<\/div>\n<\/div>\n<\/div>\n<\/div>\n<\/div>\n<\/div>\n<\/div>\n<div id=\"\" class=\"brz-css-1fjairv brz-css-cjirzl brz-css-xnu0dc brz-wrapper\">\n<div class=\"brz-spacer brz-css-1k3gxe9 brz-css-15owb4m\"><\/div>\n<\/div>\n<\/div>\n<\/div>\n<\/section>\n<section id=\"_aljdwxowxzkaddmmpqvumfkiusabazoscxga\" class=\"brz-section brz-section__header brz-css-i2p7n3\">\n<div class=\"brz-section__header--animated brz-css-i2p7n3\">\n<div class=\"brz-section__header-sticky-item brz-css-2gujja\" data-brz-custom-id=\"wzwieipylqxyygxediisachrpomfnjywqwsn\">\n<div class=\"brz-bg\">\n<div class=\"brz-bg-color\"><\/div>\n<\/div>\n<div class=\"brz-container brz-css-tt65ar\">\n<div class=\"brz-row__container brz-css-7t2x4h\" data-brz-custom-id=\"khhqrrbumuspaqqfnlyyukfrzgxforuxhejt\">\n<div class=\"brz-bg\"><\/div>\n<div class=\"brz-row brz-css-9557xt brz-css-1lvgwa0\">\n<div class=\"brz-columns brz-css-649r13 brz-css-2se8vx\" data-brz-custom-id=\"lwevpexwxkdtpdmmxkbtxmzmmxydyswbxwmq\">\n<div class=\"brz-bg\"><\/div>\n<div class=\"brz-column__items brz-css-y0f3hs brz-css-8ftc50\">\n<div id=\"\" class=\"brz-css-1fjairv brz-css-1oupk4b brz-wrapper\">\n<div class=\"brz-image brz-css-80i8jw\" data-brz-custom-id=\"hlbemhkchnkgyniviefabwfzlsyqblykrspy\"><img decoding=\"async\" class=\"brz-img\" src=\"https:\/\/www.praxis-neychev.de\/wp-content\/uploads\/brizy\/imgs\/b731902c6bf15805972db395c1ec4670-126x27x0x0x126x27x1667411350.png\" alt=\"\" loading=\"lazy\"><\/div>\n<\/div>\n<\/div>\n<\/div>\n<div class=\"brz-columns brz-css-649r13 brz-css-1rqiicz\" data-brz-custom-id=\"sqzzoyplklvaijwjmxxwtysafkwwyjcbydcg\">\n<div class=\"brz-bg\"><\/div>\n<div class=\"brz-column__items brz-css-y0f3hs brz-css-n0kiuw\">\n<div id=\"\" class=\"brz-css-1fjairv brz-wrapper\"><\/div>\n<\/div>\n<\/div>\n<\/div>\n<\/div>\n<\/div>\n<\/div>\n<\/div>\n<div class=\"brz-section__menu-item brz-css-1q5yluc brz-css-1iazpvu\" data-brz-custom-id=\"duvetrxqvkgnksjewkgxbucairutbwtownyu\">\n<div class=\"brz-bg\">\n<div class=\"brz-bg-color\"><\/div>\n<\/div>\n<div class=\"brz-container brz-css-ty1xtq\">\n<div class=\"brz-row__container brz-css-7t2x4h\" data-brz-custom-id=\"nfwyncojfwwkhhhlgkbnhheymnnwjdllpvou\">\n<div class=\"brz-bg\"><\/div>\n<div class=\"brz-row brz-css-9557xt brz-css-1ompvs4\">\n<div class=\"brz-columns brz-css-649r13 brz-css-17eei3f\" data-brz-custom-id=\"hritqtlwmhzxycybnoijxtjndhbghlxomssj\">\n<div class=\"brz-bg\"><\/div>\n<div class=\"brz-column__items brz-css-y0f3hs brz-css-1fm4831\">\n<div id=\"\" class=\"brz-css-1fjairv brz-css-1x1ct19 brz-wrapper\">\n<div class=\"brz-image brz-css-1mixch1\" data-brz-custom-id=\"jbqmllzcalfxjtibsyngkyluibkbcrretyvx\"><a class=\"brz-a\" href=\"https:\/\/www.praxis-neychev.de\/\" target=\"_self\" rel=\"noopener\" data-brz-link-type=\"external\"><img decoding=\"async\" class=\"brz-img\" src=\"https:\/\/www.praxis-neychev.de\/wp-content\/uploads\/brizy\/imgs\/wp-cfbadee8b6516995abc9e6187d09db9e-274x274x0x99x274x55x1667405194.png\" alt=\"\" loading=\"lazy\"><\/a><\/div>\n<\/div>\n<\/div>\n<\/div>\n<\/div>\n<\/div>\n<\/div>\n<\/div>\n<\/section>\n<\/div>\n<p>    <!-- version:1736965598 --><\/p>\n","protected":false},"excerpt":{"rendered":"<p>IMPRESSUM Evgeni Neychev Scharnhorstplatz 4&nbsp; 37154 Northeim Tel: 05551 406 4980 info@praxis-neychev.de Gesetzliche Berufsbezeichnung: Facharzt f\u00fcr Psychiatrie und Psychotherapie (Schwerpunkt Verhaltenstherapie), verliehen in der Bundesrepublik Deutschland von der \u00c4rztekammer Niedersachsen. Zust\u00e4ndige Approbationsbeh\u00f6rde: Nieders\u00e4chsischer Zweckverband zur Approbationserteilung (NiZzA), K\u00f6rperschaft des \u00f6ffentlichen Rechts, Nobelring 4, 30627 Hannover. Berufsrechtliche Regelungen: Die Berufsordnung f\u00fcr Psychotherapeuten in Niedersachsen finden sich [&hellip;]<\/p>\n","protected":false},"author":1,"featured_media":0,"parent":0,"menu_order":0,"comment_status":"closed","ping_status":"closed","template":"brizy-blank-template.php","meta":{"site-sidebar-layout":"default","site-content-layout":"","ast-site-content-layout":"default","site-content-style":"default","site-sidebar-style":"default","ast-global-header-display":"","ast-banner-title-visibility":"","ast-main-header-display":"","ast-hfb-above-header-display":"","ast-hfb-below-header-display":"","ast-hfb-mobile-header-display":"","site-post-title":"","ast-breadcrumbs-content":"","ast-featured-img":"","footer-sml-layout":"","ast-disable-related-posts":"","theme-transparent-header-meta":"","adv-header-id-meta":"","stick-header-meta":"","header-above-stick-meta":"","header-main-stick-meta":"","header-below-stick-meta":"","astra-migrate-meta-layouts":"default","ast-page-background-enabled":"default","ast-page-background-meta":{"desktop":{"background-color":"var(--ast-global-color-4)","background-image":"","background-repeat":"repeat","background-position":"center center","background-size":"auto","background-attachment":"scroll","background-type":"","background-media":"","overlay-type":"","overlay-color":"","overlay-opacity":"","overlay-gradient":""},"tablet":{"background-color":"","background-image":"","background-repeat":"repeat","background-position":"center center","background-size":"auto","background-attachment":"scroll","background-type":"","background-media":"","overlay-type":"","overlay-color":"","overlay-opacity":"","overlay-gradient":""},"mobile":{"background-color":"","background-image":"","background-repeat":"repeat","background-position":"center center","background-size":"auto","background-attachment":"scroll","background-type":"","background-media":"","overlay-type":"","overlay-color":"","overlay-opacity":"","overlay-gradient":""}},"ast-content-background-meta":{"desktop":{"background-color":"var(--ast-global-color-5)","background-image":"","background-repeat":"repeat","background-position":"center center","background-size":"auto","background-attachment":"scroll","background-type":"","background-media":"","overlay-type":"","overlay-color":"","overlay-opacity":"","overlay-gradient":""},"tablet":{"background-color":"var(--ast-global-color-5)","background-image":"","background-repeat":"repeat","background-position":"center center","background-size":"auto","background-attachment":"scroll","background-type":"","background-media":"","overlay-type":"","overlay-color":"","overlay-opacity":"","overlay-gradient":""},"mobile":{"background-color":"var(--ast-global-color-5)","background-image":"","background-repeat":"repeat","background-position":"center center","background-size":"auto","background-attachment":"scroll","background-type":"","background-media":"","overlay-type":"","overlay-color":"","overlay-opacity":"","overlay-gradient":""}},"footnotes":""},"class_list":["post-59","page","type-page","status-publish","hentry"],"brizy_media":[],"_links":{"self":[{"href":"https:\/\/www.praxis-neychev.de\/index.php\/wp-json\/wp\/v2\/pages\/59","targetHints":{"allow":["GET"]}}],"collection":[{"href":"https:\/\/www.praxis-neychev.de\/index.php\/wp-json\/wp\/v2\/pages"}],"about":[{"href":"https:\/\/www.praxis-neychev.de\/index.php\/wp-json\/wp\/v2\/types\/page"}],"author":[{"embeddable":true,"href":"https:\/\/www.praxis-neychev.de\/index.php\/wp-json\/wp\/v2\/users\/1"}],"replies":[{"embeddable":true,"href":"https:\/\/www.praxis-neychev.de\/index.php\/wp-json\/wp\/v2\/comments?post=59"}],"version-history":[{"count":16,"href":"https:\/\/www.praxis-neychev.de\/index.php\/wp-json\/wp\/v2\/pages\/59\/revisions"}],"predecessor-version":[{"id":1968,"href":"https:\/\/www.praxis-neychev.de\/index.php\/wp-json\/wp\/v2\/pages\/59\/revisions\/1968"}],"wp:attachment":[{"href":"https:\/\/www.praxis-neychev.de\/index.php\/wp-json\/wp\/v2\/media?parent=59"}],"curies":[{"name":"wp","href":"https:\/\/api.w.org\/{rel}","templated":true}]}}